253
In base 9, what is 84533 - 27610?
55823
In base 14, what is -2a - -94477?
9444b
In base 16, what is -6fc4c7 + 1?
-6fc4c6
In base 14, what is 9c8ddc - -c?
9c900a
In base 6, what is -15045201441 - 0?
-15045201441
In base 8, what is -2716003 + 2?
-2716001
In base 7, what is 155 + -213466524?
-213466336
In base 16, what is -2 + 84022c?
84022a
In base 3, what is 1022 + 120022020101?
120022021200
In base 13, what is 23 - 443b028?
-443b005
In base 5, what is -112022111 - -1241?
-112020320
In base 13, what is 5 + 1cc8048?
1cc8050
In base 9, what is 16161 - 2012?
14148
In base 9, what is 13147 + -501?
12546
In base 5, what is 20020140032 + -11?
20020140021
In base 9, what is 2 + -244406?
-244404
In base 11, what is -168a312 + -89?
-168a3a0
In base 7, what is 116166 - -2006?
121205
In base 8, what is 23661425 - 6?
23661417
In base 15, what is -15a - 2a27d?
-2a3d8
In base 4, what is 121 - -2030000200301?
2030000201022
In base 8, what is -367264 + 354?
-366710
In base 2, what is -10100010101000110010 + 10111011?
-10100010100101110111
In base 12, what is -103a - 1528?
-2566
In base 8, what is -20610 + 21573?
763
In base 13, what is -7690 + -9c2?
-8382
In base 4, what is 12032 - 2300220013?
-2300201321
In base 15, what is -17559e + 25?
-175579
In base 2, what is -10011010111110111111100 - -111?
-10011010111110111110101
In base 2, what is 1000111001 + 10001100001?
11010011010
In base 7, what is 1 + 16246562?
16246563
In base 4, what is -20 - -222220103?
222220023
In base 14, what is 0 - -1071b48?
1071b48
In base 16, what is -4c4 - 17f2?
-1cb6
In base 3, what is 120121211011 + -12202?
120121121102
In base 3, what is -110111111201121 + 10?
-110111111201111
In base 12, what is -315 - -35a7?
3292
In base 7, what is 30 - -2561430?
2561460
In base 2, what is 10000000110100110101111 - 11?
10000000110100110101100
In base 3, what is -22220002202 - 11020?
-22220020222
In base 3, what is -22120010102 - -10010?
-22120000022
In base 12, what is -b02 + 22040?
2113a
In base 4, what is 1201 - 2203212?
-2202011
In base 4, what is 2001012 - 10201311?
-2200233
In base 2, what is -100010 - 1110010111000101?
-1110010111100111
In base 10, what is 8 + -671116?
-671108
In base 14, what is -1a68ac - -10?
-1a689c
In base 2, what is -101010111011010000001000 + 1001?
-101010111011001111111111
In base 14, what is 232 - 51b8?
-4d86
In base 14, what is 15c54 - -60?
15cb4
In base 4, what is -1 - 103112022221?
-103112022222
In base 4, what is -1331113131320 - 2?
-1331113131322
In base 16, what is -16b - -1a90?
1925
In base 10, what is -364 + -38209?
-38573
In base 3, what is -101201200221110 + 0?
-101201200221110
In base 16, what is 0 - 486d275?
-486d275
In base 7, what is 3 - -2032011342?
2032011345
In base 7, what is 12435151510 + -3?
12435151504
In base 6, what is 31202 - -114055?
145301
In base 8, what is 1 + -125662021?
-125662020
In base 5, what is -312134 - 3433412?
-4301101
In base 12, what is -b75277 + 9?
-b7526a
In base 10, what is 1002582 + -8?
1002574
In base 6, what is 5 - 12151132344?
-12151132335
In base 15, what is 4ecd - -70?
504d
In base 11, what is -545 + aa46?
a501
In base 13, what is -29c9aa49 + 5?
-29c9aa44
In base 8, what is -32230056 - 212?
-32230270
In base 14, what is -1753 - 9201?
-a954
In base 12, what is -1b98522 + -18?
-1b9853a
In base 14, what is -b + 8a05?
89d8
In base 3, what is -20021111221020020 + 12?
-20021111221020001
In base 5, what is 33103213 - -1342?
33110110
In base 3, what is 2 + 200210001000221120?
200210001000221122
In base 13, what is 31bb0a9a - -5?
31bb0aa2
In base 12, what is 43a0 - -1537?
5917
In base 11, what is -15666556 + 2?
-15666554
In base 2, what is 11000000110100110000 + 11101101?
11000000111000011101
In base 2, what is 111010011100010001100101 + -1100?
111010011100010001011001
In base 4, what is 1003003 - 2032?
1000311
In base 10, what is 69 - 1578935?
-1578866
In base 10, what is -268 - -95491?
95223
In base 16, what is 24dc - e1?
23fb
In base 15, what is -7559d45 - 6?
-7559d4b
In base 10, what is 118151689 - 0?
118151689
In base 8, what is -1053 + -336005?
-337060
In base 12, what is 3 - -a095265?
a095268
In base 6, what is 1542013 - 525?
1541044
In base 16, what is 3551 + -10e2?
246f
In base 3, what is 10112202022 - 110212112?
10001212210
In base 7, what is 4336 + -3032?
1304
In base 13, what is -20023ab + 93?
-2002318
In base 12, what is 31 + -109868?
-109837
In base 7, what is 5 - 525520360?
-525520352
In base 16, what is 5 + -96603?
-965fe
In base 5, what is 134414434200 - -1?
134414434201
In base 16, what is c543f2 - 4?
c543ee
In base 8, what is -3127330 + -4?
-3127334
In base 3, what is -12011 + 1022210020?
1022121002
In base 6, what is 2023124231 - 4?
2023124223
In base 12, what is 60 - -75460?
75500
In base 6, what is -202 - 2101515?
-2102121
In base 4, what is -22 - -12001110123121?
12001110123033
In base 4, what is -1 + 30220100232?
30220100231
In base 13, what is -1a0ca + -884?
-1a981
In base 13, what is -2b616b36 + -4?
-2b616b3a
In base 13, what is aa28b80 + 5?
aa28b85
In base 14, what is 10c + 130a7?
131b5
In base 9, what is -688 - -1545830?
1545131
In base 9, what is -281 + -2405014?
-2405305
In base 4, what is 21003 - -13222010?
13303013
In base 9, what is 34054280 - 0?
34054280
In base 4, what is 1 - 111113101131?
-111113101130
In base 14, what is 14165 - 17cc?
12777
In base 5, what is 32111 - 13?
32043
In base 9, what is -672 - -714673?
714001
In base 12, what is -523 - -20b518?
20abb5
In base 2, what is -11000110110011100 + -101011010?
-11000111011110110
In base 10, what is -20 + -3783118?
-3783138
In base 10, what is -1054404 + 4?
-1054400
In base 4, what is -133001 - 1121210223?
-1122003230
In base 5, what is 13041343 + 101232?
13143130
In base 11, what is -2a25159 + 30?
-2a25129
In base 15, what is 6 + 798ce2?
798ce8
In base 11, what is 544 + -83?
471
In base 10, what is 149209 - 139?
149070
In base 6, what is 0 + 1122504535?
1122504535
In base 10, what is -7 - 21344244?
-21344251
In base 13, what is -aa + 17078?
16c9b
In base 9, what is -68483482 + 0?
-68483482
In base 16, what is cb09 - 63?
caa6
In base 15, what is -ab6233 - 13?
-ab6246
In base 10, what is -880360 + 197?
-880163
In base 11, what is 13518 - -444?
13961
In base 8, what is 22213575 - -5?
22213602
In base 12, what is -25 + -437935?
-43795a
In base 6, what is -13 - -130212332?
130212315
In base 8, what is 1727054 + 0?
1727054
In base 15, what is -2 + -2326023?
-2326025
In base 13, what is -11 - 4088?
-4099
In base 2, what is -11001100001000011 + 1100000?
-11001011111100011
In base 6, what is 110434010421 - -2?
110434010423
In base 11, what is -747919 - -16?
-747903
In base 2, what is 1011111 + 1111000000011111?
1111000001111110
In base 11, what is -9021 - 118?
-9139
In base 8, what is 272 + 251050?
251342
In base 6, what is 141 + 305554252?
305554433
In base 9, what is -40881824 + -18?
-40881843
In base 5, what is -4 - 31213344142?
-31213344201
In base 4, what is -222 + -311322200?
-311323022
In base 4, what is 101033100 - -12333?
101112033
In base 2, what is 10101111001001 + 1111001011100?
100101000100101
In base 9, what is -4 + 1437877?
1437873
In base 6, what is 45 - 13323120?
-13323031
In base 15, what is 14 + -47048?
-47034
In base 13, what is 72 - -4a906?
4a978
In base 8, what is 136 - -1173744?
1174102
In base 4, what is -112012310322 + 10?
-112012310312
In base 7, what is 2633320004 + -1?
2633320003
In base 13, what is -109b201c + 2?
-109b201a
In base 8, what is 15074756 - -20?
15074776
In base 4, what is 11311211312 - 11?
11311211301
In base 13, what is -2b98 - 7963?
-a82b
In base 12, what is 31 + -18399?
-18368
In base 8, what is -65176127 + -26?
-65176155
In base 4, what is 13221103112 - 2033?
13221101013
In base 12, what is 47 + -844aab8?
-844aa71
In base 16, what is 52 + -2556c?
-2551a
In base 8, what is 3240 + 347566?
353026
In base 9, what is -152855507 + -4?
-152855512
In base 13, what is -a - 9826b8?
-9826c5
In base 2, what is 10000000000011001110111101 + -1?
10000000000011001110111100
In base 11, what is 17911 - -185?
17a96
In base 5, what is 120020434 + 3213?
120024202
In base 16, what is 40f9d3 + 39?
40fa0c
In base 4, what is 11221300323 + 22?
11221301011
In base 9, what is -23003 - -77451?
54447
In base 9, what is -25